t q = 0 - -3. Is 1/(q + x/59) prime?
True
Suppose u - 5*u + 20228 = 0. Is u prime?
False
Let g be 153/6*48/4. Suppose -10 = -3*b - 4. Suppose -a + 79 = w - b*a, -4*w + g = a. Is w a composite number?
True
Let a(h) = 87*h**3 + 18*h**2 + 19*h - 75. Is a(7) prime?
True
Let j = -3 - -1. Let n(z) be the first derivative of 14*z**3/3 - z**2 - z - 10. Is n(j) composite?
False
Suppose -55 = -p + y - 2*y, 0 = 4*p - y - 220. Let v = 80 + p. Let l = -16 + v. Is l a composite number?
True
Suppose -3698 + 520 = -2*j. Is j a prime number?
False
Let u = 12 - 0. Let i = 12 - u. Suppose 2*f = -i*f + 110. Is f a prime number?
False
Suppose -3*z - 570 = -5*z. Suppose 5*v = -4*b + z, -v - v = -4*b - 114. Is v a prime number?
False
Suppose p + 2*p = -33. Let t be p + (2 - (8 + -3)). Let u = t + 29. Is u composite?
True
Let g(t) = 9466*t**3 - 19*t**2 + 48*t - 3. Is g(2) a composite number?
True
Let r be (-2 - -1) + 27/3. Suppose -3*x + r = -7*x. Is ((-20)/(-30))/(x/(-255)) a prime number?
False
Let v be (-3)/(-9)*(2195 + 7). Let u = v - 327. Is u prime?
False
Suppose 0 = -4*v - 4*a + 149495 + 817, 5*v = -3*a + 187892. Is v a prime number?
True
Suppose -5*s - 6 = -21. Suppose -531 + 4278 = s*r. Suppose 2*d + 77 - r = 0. Is d a prime number?
False
Suppose 3*d = 2*d + 36. Let y be ((-4)/3*(-30)/(-4))/(-2). Suppose -k + d = w, -k - y*w + 11 + 13 = 0. Is k a prime number?
False
Let x = 38 - 62. Let d = x - 83. Let b = 332 - d. Is b a prime number?
True
Suppose 3*j = 5*j - 2*o - 13040, -2*o - 32603 = -5*j. Is j a composite number?
False
Let m(w) = -w**3 - 10*w**2 + w + 30505. Is m(0) a composite number?
True
Let v(s) = -17091*s**3 + s**2 + 2*s. Let o be v(-1). Suppose -22*q = -12*q - o. Is q a prime number?
True
Suppose -20*m + 19*m = -647. Is m composite?
False
Suppose 3*n - 10 = -4. Let q(i) = 3 + 2*i**n + 2*i**3 - 3*i**3 - 2 - i + 2*i**3. Is q(-2) a prime number?
True
Let n = -28 + 32. Suppose -n*x - 878 = -6*x. Is x composite?
False
Let m(x) = 9*x**2 + 6*x + 5. Let c be m(11). Let v = 1801 - c. Is v prime?
True
Let b(p) be the second derivative of -43*p**3/3 + 9*p**2/2 + 8*p. Is b(-4) prime?
True
Let g(d) = -d**3 + 2*d**2 + 5*d - 3. Let w be g(3). Suppose 3*p + 0*h - w*h - 2034 = 0, -1357 = -2*p + h. Is p a prime number?
False
Let q = -8 - -14. Suppose 4*w - 3*d - q = 0, -2*w + 2*d + 11 = 3*w. Suppose 4*v - 3844 = 4*g, -10 = 2*g + w*g. Is v a composite number?
True
Is -29695*(11 + -10)*-1 composite?
True
Let u(r) = 348*r**2 - 10*r + 21. Is u(4) composite?
True
Let y(f) = -5*f**3 - 8*f**2 - 8*f + 16. Let u be y(-7). Suppose 5*s - u = -6*d + d, -d = -2*s - 264. Is d composite?
True
Is (14525 - (-3)/(-1)) + -1 composite?
True
Let t(j) = -j**3 + 7*j**2 + 9*j - 7. Is t(-10) composite?
True
Let v(h) = -6282*h - 49. Is v(-3) a composite number?
False
Let h(u) = -14*u + 16. Let l be h(12). Let b(z) = 40*z - 3. Let t be b(6). Let a = t + l. Is a a prime number?
False
Let h = 511 - -7856. Is h composite?
True
Suppose 407 = 3*u - 415. Suppose l + 4*n + 6 - 1 = 0, 26 = -2*l - 4*n. Let s = l + u. Is s composite?
True
Let q(j) = 292*j - 3. Let c be q(2). Suppose c = 2*l - 5*i, 2*l + 1464 = 7*l - i. Let x = 60 + l. Is x a prime number?
True
Suppose 0*j = 9*j - 42489. Is j composite?
False
Let v(c) = 5*c - c - 10 - 3*c. Let n be v(10). Suppose -2*s - 2*s + 308 = n. Is s a composite number?
True
Let n(f) be the third derivative of -f**6/5 - f**5/15 + f**4/24 + f**3/3 - 28*f**2. Is n(-3) a prime number?
False
Let l be -31310 + (-8)/4 + 0. Is 1/(-3 - l/10436) a prime number?
True
Let m = -9318 + 28265. Is m prime?
True
Let u(d) = -12*d**2 + 11*d - 21. Let x(c) = -6*c**2 + 5*c - 11. Let g(p) = 6*u(p) - 13*x(p). Let y be g(-12). Suppose -y + 126 = -f. Is f a prime number?
True
Let r(n) = -n**3 + 8*n**2 - 7*n - 6. Let j be r(7). Let x be 0 - 3/j*0. Suppose 4*t - 94 - 214 = x. Is t a prime number?
False
Let h(c) = 1430*c**2 - 2*c + 1. Let o be h(-2). Suppose 851 = a + q, -5*a - 4*q = 1467 - o. Is ((-3)/(-2))/(7/a) composite?
True
Let w be (2/(-4))/((-2)/(-16)). Let t = -42 + 60. Is ((-66)/9)/(w/t) a prime number?
False
Suppose -30*j + 25*j + 15 = 0. Suppose -2*s + 0*p = j*p - 50, 83 = 5*s - 3*p. Is s a prime number?
True
Let k = 28 + -26. Suppose -k*h + 113 = -3*u - 693, h - 4*u = 403. Is h composite?
True
Let b be 4/18 - (-2)/(-9). Let o be (1 - -1 - -1) + b. Is (-142)/(-1)*o/6 a prime number?
True
Suppose 5*y = 3*k + 36485, -y + 21891 = 2*y - 2*k. Is y composite?
False
Suppose -14*r = -263001 + 5023. Is r a composite number?
False
Suppose 3*x - 7 = b + 3, 4*b + 16 = 0. Suppose 3*m = -x*z + 1361, 1999 = -2*z + 5*z - 4*m. Is z a composite number?
False
Let n(r) = -3*r**3 - 7*r**2 - 8*r + 9. Let k(y) = 9*y - 12. Let j be k(6). Suppose 3*d + j = -3*d. Is n(d) composite?
False
Let n = 1038 - 576. Let i = n - -232. Is i a prime number?
False
Suppose -28*n + 23*n = -9595. Is n a composite number?
True
Let o(w) = -97*w - 6. Let v be o(9). Let l = v + 1238. Is l a composite number?
False
Let k = 113 + -114. Is (-4 - (212 + -2))*k - 3 a composite number?
False
Let c(w) = 4137*w**2 + w - 7. Is c(2) a composite number?
True
Suppose 99*p = 59*p + 503560. Is p a prime number?
True
Suppose 4*n = 3*u, 3*n + u - 2 - 11 = 0. Let l = 14 + n. Let s(p) = p**3 - 16*p**2 + p - 13. Is s(l) a composite number?
False
Suppose -5*c - 103 + 118 = 0. Suppose 3682 = c*k - 1499. Is k a composite number?
True
Suppose 69988 = l + r, -21*l = -17*l + 5*r - 279955. Is l a composite number?
True
Is (-6)/(-48) + (89948/32 - 2) a prime number?
False
Is (4 - (-24622)/22) + (-12)/66 a composite number?
False
Let j(p) = -286*p**3 - 2*p - 1. Let h be -2*1/2*-2. Suppose -3*k + 4*g + h = -k, 5*g + 5 = 0. Is j(k) a composite number?
True
Is (96739/(-9))/(266/(-126) - -2) composite?
False
Suppose -5*x + u = -9289 - 2321, 5*x + 3*u - 11590 = 0. Suppose 0 = -3*f + 9, l - f = -3*l + x. Is l composite?
True
Suppose 4*c + 417 = 15673. Suppose 5*s - 3*f - c = -f, -3*f = 3*s - 2280. Suppose 4*d = 7*d - s. Is d a composite number?
True
Suppose 13*y + 15*y = 8876. Is y prime?
True
Let q(c) = 114*c**2 + 8*c. Let m be q(-6). Suppose 2*t + 3*t + o = m, -12 = 3*o. Is 4/((-16)/t)*-1 composite?
True
Let q(d) = 7*d + 24317. Is q(0) a prime number?
True
Let b be 2/2 - -3 - 52. Let o be 1293/5 - 18/(-45). Let k = o + b. Is k a prime number?
True
Let p(m) = 446*m**3 - 4*m**2 + 11*m - 6. Is p(1) prime?
False
Let d(l) be the first derivative of 15*l - 6 + 7/2*l**2. Is d(10) a prime number?
False
Suppose -53*k + 1909808 - 559209 = 0. Is k composite?
True
Let y = -27117 + 65008. Is y composite?
True
Is 3/(((-432)/(-249468))/12) composite?
False
Let h(y) = 315*y**2 - 5*y - 11. Is h(3) prime?
False
Suppose -10*f - 8540 = -12*f. Suppose -3*r + f = -1568. Is 24/72 - r/(-3) a prime number?
False
Suppose b = 2*q + 24363, -3*b + 40546 = q - 32529. Is b a prime number?
True
Let f(k) = 10*k - 25. Let s(d) = -21*d + 51. Let g(a) = 13*f(a) + 6*s(a). Let v = 20 - 7. Is g(v) prime?
False
Let l(i) = i**2 + 3*i - 6. Let z be l(-5). Suppose -z*j + 337 = -343. Suppose -4*v = h - 2*h - 675, -j = -v - h. Is v a composite number?
True
Let i(h) = h - 96. Let f be i(0). Let o = 847 + f. Is o a prime number?
True
Suppose -685751 - 2170830 = -13*l. Is l a prime number?
False
Let q(z) = -44*z - 36. Let o(n) = -89*n - 70. Let j(x) = -3*o(x) + 5*q(x). Suppose -4*u - 2*t = -0*t - 68, -51 = -3*u + t. Is j(u) composite?
False
Suppose 3*m - 59663 = -f, 10*m = 5*f + 8*m - 298247. Is f prime?
True
Let h be ((-1 - 323)/4)/(4/(-20)). Suppose -2*f = -5*j + 2*j + 1207, h = j + 2*f. Is j a composite number?
True
Let j be (-197)/2*1*2. Let h(m) = -2*m**3 + 14*m**2 + 5*m - 41. Let a be h(7). Let b = a - j. Is b a composite number?
False
Let p(u) = -u**2 + 13*u + 3. Let l be p(13). Suppose l*w + 649 + 701 = 0. Let q = w + 899. Is q prime?
True
Suppose -j + 2*j - 5*n - 5 = 0, 5*n - 15 = 0. Suppose 4*s - j - 2064 = 0. Is s a composite number?
False
Let z(i) = -4*i - 7. Let x be z(-5). Let n = x + 0. Let o(y) = 2*y**2 + 10*y + 19. Is o(n) a composite number?
False
Let k be -21 - -817 - (-1 + 3). Suppose 1373 = a - k. Is a a prime number?
False
Suppose -3*g + 2*c - 33 = 0, 3*c = -5*g - 0*g - 55. Is (g + 120)/((-1)/(-2)) composite?
True
Suppose 4*n - 26 = -326. Let v = -18 - n. Is v a prime number